{"id":1225,"date":"2020-04-24T21:39:57","date_gmt":"2020-04-24T19:39:57","guid":{"rendered":"http:\/\/junikorn.lkwebs.cz\/?page_id=1225"},"modified":"2020-05-06T21:23:25","modified_gmt":"2020-05-06T19:23:25","slug":"vision","status":"publish","type":"page","link":"https:\/\/www.junikorn.cz\/domains\/junikorn.cz\/de\/uber-uns\/vision\/","title":{"rendered":"VISION"},"content":{"rendered":"\n<h3 class=\"wp-block-heading\">Wir glauben an:<\/h3>\n\n\n\n<ul class=\"wp-block-list\"><li>die&nbsp;freundschaftliche Zusammenarbeit zwischen Kindergarten und&nbsp;Familien zum Wohle der&nbsp;Kleinsten<\/li><li>den&nbsp;Nutzen einer&nbsp;qualitativ hochwertigen Vorschulerziehung<\/li><li>eine offene, selbstbewusste und&nbsp;bewusste Gesellschaft<\/li><li>Fremdsprachen, die&nbsp;den Horizont unserer Welten erweitern und&nbsp;neue&nbsp;T\u00fcren \u00f6ffnen<\/li><li>ein qualitativ hochwertiges Personal, f\u00fcr das&nbsp;die&nbsp;Arbeit mit Kindern eine Mission ist<\/li><li>die&nbsp;St\u00e4rke der&nbsp;Bildung f\u00fcr alle Beteiligten<\/li><\/ul>\n\n\n\n<h3 class=\"wp-block-heading\">Wir sehen:<\/h3>\n\n\n\n<ul class=\"wp-block-list\"><li>gl\u00fcckliche Kinder, die&nbsp;ihre&nbsp;Bed\u00fcrfnisse kennen und&nbsp;ihr Leben fr\u00f6hlich meistern<\/li><li>verantwortungsbewusste und&nbsp;nachdenkliche Kinder, die&nbsp;sensibel und&nbsp;einf\u00fchlsam gegen\u00fcber ihrer Umgebung sind<\/li><li>gesunde Kinder, deren Angewohnheiten den&nbsp;k\u00f6rperlichen und&nbsp;geistigen Widerstand st\u00e4rken<\/li><li>mutige Kinder, die&nbsp;alles Fremde f\u00fcr eine interessante und&nbsp;w\u00fcrdige Entdeckung halten<\/li><li>erfolgreiche Kinder, die&nbsp;ihre&nbsp;St\u00e4rken und&nbsp;Schw\u00e4chen kennen<\/li><\/ul>\n\n\n\n<h3 class=\"wp-block-heading\">Wir unterst\u00fctzen:<\/h3>\n\n\n\n<ul class=\"wp-block-list\"><li>ein gl\u00fcckliches Familienleben<\/li><li>freundschaftliche deutsch-tschechische Beziehungen<\/li><li>den&nbsp;zweisprachigen Unterricht, auch auf&nbsp;h\u00f6herem Schulniveau<\/li><li>die&nbsp;Fortbildung und&nbsp;Entwicklung unserer Mitarbeiter (P\u00e4dagogik von&nbsp;Franz Kett, Gewaltfreie Kommunikation, Montessori-P\u00e4dagogik, Waldorfp\u00e4dagogik, Einstellung und&nbsp;Best Practice in&nbsp;deutschen Kinderg\u00e4rten usw.)<\/li><\/ul>\n\n\n\n<p class=\"has-text-align-center\">Wir sind \u201emehr als&nbsp;nur ein Kindergarten\u201c!<\/p>\n\n\n\n<p class=\"has-text-align-center\">Wir sind Junikorn &#8211; ein magisches Einhorn f\u00fcr eine liebevolle Kindheit<\/p>\n\n\n\n<figure class=\"wp-block-image size-large\"><img loading=\"lazy\" decoding=\"async\" width=\"800\" height=\"533\" src=\"https:\/\/www.junikorn.cz\/domains\/junikorn.cz\/domains\/junikorn.cz\/wp-content\/uploads\/2020\/03\/junikorn-vize.jpg\" alt=\"\u010cesko n\u011bmeck\u00e1 \u0161kolka Junikorn Plze\u0148\" class=\"wp-image-350\" srcset=\"https:\/\/www.junikorn.cz\/wp-content\/uploads\/2020\/03\/junikorn-vize.jpg 800w, https:\/\/www.junikorn.cz\/wp-content\/uploads\/2020\/03\/junikorn-vize-300x200.jpg 300w, https:\/\/www.junikorn.cz\/wp-content\/uploads\/2020\/03\/junikorn-vize-768x512.jpg 768w\" sizes=\"auto, (max-width: 800px) 100vw, 800px\" \/><figcaption>\u00a05-j\u00e4hriges Jubil\u00e4umsfeier auf&nbsp;dem pilsner Rathaus vom Junikorn<\/figcaption><\/figure>\n","protected":false},"excerpt":{"rendered":"<p>Wir glauben an: die&nbsp;freundschaftliche Zusammenarbeit zwischen Kindergarten und&nbsp;Familien zum Wohle der&nbsp;Kleinsten den&nbsp;Nutzen einer&nbsp;qualitativ hochwertigen Vorschulerziehung eine offene, selbstbewusste und&nbsp;bewusste Gesellschaft Fremdsprachen, die&nbsp;den Horizont unserer Welten erweitern und&nbsp;neue&nbsp;T\u00fcren \u00f6ffnen ein qualitativ hochwertiges Personal, f\u00fcr das&nbsp;die&nbsp;Arbeit mit Kindern eine Mission ist die&nbsp;St\u00e4rke der&nbsp;Bildung f\u00fcr alle Beteiligten Wir sehen: gl\u00fcckliche Kinder, die&nbsp;ihre&nbsp;Bed\u00fcrfnisse kennen und&nbsp;ihr Leben fr\u00f6hlich meistern verantwortungsbewusste [&hellip;]<\/p>\n","protected":false},"author":1,"featured_media":0,"parent":1147,"menu_order":0,"comment_status":"closed","ping_status":"closed","template":"","meta":{"_uag_custom_page_level_css":"","advgb_blocks_editor_width":"","advgb_blocks_columns_visual_guide":"","ngg_post_thumbnail":0,"footnotes":""},"class_list":["post-1225","page","type-page","status-publish","hentry"],"aioseo_notices":[],"uagb_featured_image_src":{"full":false,"thumbnail":false,"medium":false,"medium_large":false,"large":false,"1536x1536":false,"2048x2048":false,"psacp-medium":false},"uagb_author_info":{"display_name":"kuldaoo","author_link":"https:\/\/www.junikorn.cz\/domains\/junikorn.cz\/author\/kuldaoo\/"},"uagb_comment_info":0,"uagb_excerpt":"Wir glauben an: die&nbsp;freundschaftliche Zusammenarbeit zwischen Kindergarten und&nbsp;Familien zum Wohle der&nbsp;Kleinsten den&nbsp;Nutzen einer&nbsp;qualitativ hochwertigen Vorschulerziehung eine offene, selbstbewusste und&nbsp;bewusste Gesellschaft Fremdsprachen, die&nbsp;den Horizont unserer Welten erweitern und&nbsp;neue&nbsp;T\u00fcren \u00f6ffnen ein qualitativ hochwertiges Personal, f\u00fcr das&nbsp;die&nbsp;Arbeit mit Kindern eine Mission ist die&nbsp;St\u00e4rke der&nbsp;Bildung f\u00fcr alle Beteiligten Wir sehen: gl\u00fcckliche Kinder, die&nbsp;ihre&nbsp;Bed\u00fcrfnisse kennen und&nbsp;ihr Leben fr\u00f6hlich meistern verantwortungsbewusste&hellip;","coauthors":[],"author_meta":{"author_link":"https:\/\/www.junikorn.cz\/domains\/junikorn.cz\/author\/kuldaoo\/","display_name":"kuldaoo"},"relative_dates":{"created":"Posted 6 roky ago","modified":"Updated 6 roky ago"},"absolute_dates":{"created":"Posted on 24. 4. 2020","modified":"Updated on 6. 5. 2020"},"absolute_dates_time":{"created":"Posted on 24. 4. 2020 21:39","modified":"Updated on 6. 5. 2020 21:23"},"featured_img_caption":"","featured_img":false,"series_order":"","_links":{"self":[{"href":"https:\/\/www.junikorn.cz\/domains\/junikorn.cz\/wp-json\/wp\/v2\/pages\/1225","targetHints":{"allow":["GET"]}}],"collection":[{"href":"https:\/\/www.junikorn.cz\/domains\/junikorn.cz\/wp-json\/wp\/v2\/pages"}],"about":[{"href":"https:\/\/www.junikorn.cz\/domains\/junikorn.cz\/wp-json\/wp\/v2\/types\/page"}],"author":[{"embeddable":true,"href":"https:\/\/www.junikorn.cz\/domains\/junikorn.cz\/wp-json\/wp\/v2\/users\/1"}],"replies":[{"embeddable":true,"href":"https:\/\/www.junikorn.cz\/domains\/junikorn.cz\/wp-json\/wp\/v2\/comments?post=1225"}],"version-history":[{"count":2,"href":"https:\/\/www.junikorn.cz\/domains\/junikorn.cz\/wp-json\/wp\/v2\/pages\/1225\/revisions"}],"predecessor-version":[{"id":1415,"href":"https:\/\/www.junikorn.cz\/domains\/junikorn.cz\/wp-json\/wp\/v2\/pages\/1225\/revisions\/1415"}],"up":[{"embeddable":true,"href":"https:\/\/www.junikorn.cz\/domains\/junikorn.cz\/wp-json\/wp\/v2\/pages\/1147"}],"wp:attachment":[{"href":"https:\/\/www.junikorn.cz\/domains\/junikorn.cz\/wp-json\/wp\/v2\/media?parent=1225"}],"curies":[{"name":"wp","href":"https:\/\/api.w.org\/{rel}","templated":true}]}}