{"id":1231,"date":"2020-04-24T21:46:44","date_gmt":"2020-04-24T19:46:44","guid":{"rendered":"http:\/\/junikorn.lkwebs.cz\/?page_id=1231"},"modified":"2020-04-24T21:46:47","modified_gmt":"2020-04-24T19:46:47","slug":"warum-wir","status":"publish","type":"page","link":"https:\/\/www.junikorn.cz\/domains\/junikorn.cz\/de\/uber-uns\/warum-wir\/","title":{"rendered":"WARUM WIR?"},"content":{"rendered":"\n<p><strong>Weil wir seit dem&nbsp;Jahr 2014&nbsp; Ihr Partner zur harmonischen Gestaltung des Familienlebens mit dem&nbsp;Arbeitsleben sind!&nbsp;<\/strong><\/p>\n\n\n\n<ul class=\"wp-block-list\"><li><strong>Weil wir der&nbsp;erste Kindergarten in&nbsp;Pilsen sind, der&nbsp;sich darauf spezialisiert, Vorschulkindern Deutsch beizubringen.<\/strong><\/li><\/ul>\n\n\n\n<ul class=\"wp-block-list\"><li>Weil wir mit mehreren Grundschulen zusammenarbeiten (<a href=\"https:\/\/www.krizik.eu\/\">Franti\u0161ek K\u0159i\u017e\u00edk Grundschule und&nbsp;Gymnasium<\/a>,&nbsp;<a href=\"https:\/\/www.skolainspiria.cz\/o-skole\/\">Insp\u00edria Grundschule in&nbsp;Z\u00e1lu\u017e\u00ed<\/a>), wo wir den&nbsp;Anschluss zu&nbsp;Deutsch \u00fcber unsere Sprachkurse f\u00fcr Kinder im&nbsp;schulpflichtigen Alter bereitstellen.<\/li><\/ul>\n\n\n\n<ul class=\"wp-block-list\"><li>\u201cWie viele Sprachen du sprichst, so oft bist du Mensch.\u201d 61,7 km ist die&nbsp;Entfernung zur deutschen Grenze, zu&nbsp;unseren Nachbarn. Indem wir Deutsch unterrichten, k\u00f6nnen wir unserer zuk\u00fcnftigen Generation die&nbsp;T\u00fcr zur Welt \u00f6ffnen. Nicht nur durch Sprachkenntnisse, sondern auch durch Kenntnisse anderer Kulturen, Traditionen und&nbsp;Freunde (Freiwillige, Auszubildende), denen&nbsp;die&nbsp;Kinder im&nbsp;Kindergarten begegnen.<\/li><\/ul>\n\n\n\n<ul class=\"wp-block-list\"><li>Weil wir aktuellen Trends folgen und&nbsp;Ihnen Flexibilit\u00e4t erm\u00f6glichen m\u00f6chten. Deshalb haben wir die<strong> \u00d6ffnungszeiten des Kindergartens von&nbsp;7 bis 17 Uhr <\/strong>gew\u00e4hlt. Neben einem&nbsp;abwechslungsreichen Programm in&nbsp;der Kindergruppe bieten wir auch optionale <a href=\"https:\/\/junikorn.webooker.eu\/\">Kinderkurse<\/a> auch f\u00fcr externe Kinder an.<\/li><\/ul>\n\n\n\n<ul class=\"wp-block-list\"><li>Weil wir auch Ihnen, liebe Eltern erm\u00f6glichen wollen, sich selbst zu&nbsp;entwickeln. Wir bieten Sprach- und&nbsp;Sportkurse, Workshops und&nbsp;Seminare an, die&nbsp;uns alle bei der&nbsp;Kindererziehung unterst\u00fctzen k\u00f6nnen.<\/li><\/ul>\n\n\n\n<ul class=\"wp-block-list\"><li>Weil wir wissen, dass&nbsp;wir unseren Zugang zu&nbsp;unserem Planeten Erde \u00e4ndern m\u00fcssen und&nbsp;nicht nur der&nbsp;Natur einen Schritt n\u00e4her kommen m\u00fcssen.<\/li><\/ul>\n\n\n\n<div class=\"wp-block-image\"><figure class=\"aligncenter size-large is-resized\"><img loading=\"lazy\" decoding=\"async\" src=\"https:\/\/www.junikorn.cz\/domains\/junikorn.cz\/domains\/junikorn.cz\/wp-content\/uploads\/2020\/03\/materska-skolka-junikorn-765x1024.jpg\" alt=\"\u010cesko n\u011bmeck\u00e1 \u0161kolka Junikorn Plze\u0148\" class=\"wp-image-355\" width=\"383\" height=\"512\" srcset=\"https:\/\/www.junikorn.cz\/wp-content\/uploads\/2020\/03\/materska-skolka-junikorn-765x1024.jpg 765w, https:\/\/www.junikorn.cz\/wp-content\/uploads\/2020\/03\/materska-skolka-junikorn-224x300.jpg 224w, https:\/\/www.junikorn.cz\/wp-content\/uploads\/2020\/03\/materska-skolka-junikorn-768x1028.jpg 768w, https:\/\/www.junikorn.cz\/wp-content\/uploads\/2020\/03\/materska-skolka-junikorn.jpg 877w\" sizes=\"auto, (max-width: 383px) 100vw, 383px\" \/><\/figure><\/div>\n","protected":false},"excerpt":{"rendered":"<p>Weil wir seit dem&nbsp;Jahr 2014&nbsp; Ihr Partner zur harmonischen Gestaltung des Familienlebens mit dem&nbsp;Arbeitsleben sind!&nbsp; Weil wir der&nbsp;erste Kindergarten in&nbsp;Pilsen sind, der&nbsp;sich darauf spezialisiert, Vorschulkindern Deutsch beizubringen. Weil wir mit mehreren Grundschulen zusammenarbeiten (Franti\u0161ek K\u0159i\u017e\u00edk Grundschule und&nbsp;Gymnasium,&nbsp;Insp\u00edria Grundschule in&nbsp;Z\u00e1lu\u017e\u00ed), wo wir den&nbsp;Anschluss zu&nbsp;Deutsch \u00fcber unsere Sprachkurse f\u00fcr Kinder im&nbsp;schulpflichtigen Alter bereitstellen. \u201cWie viele Sprachen du [&hellip;]<\/p>\n","protected":false},"author":1,"featured_media":0,"parent":1147,"menu_order":0,"comment_status":"closed","ping_status":"closed","template":"","meta":{"_uag_custom_page_level_css":"","advgb_blocks_editor_width":"","advgb_blocks_columns_visual_guide":"","ngg_post_thumbnail":0,"footnotes":""},"class_list":["post-1231","page","type-page","status-publish","hentry"],"aioseo_notices":[],"uagb_featured_image_src":{"full":false,"thumbnail":false,"medium":false,"medium_large":false,"large":false,"1536x1536":false,"2048x2048":false,"psacp-medium":false},"uagb_author_info":{"display_name":"kuldaoo","author_link":"https:\/\/www.junikorn.cz\/domains\/junikorn.cz\/author\/kuldaoo\/"},"uagb_comment_info":0,"uagb_excerpt":"Weil wir seit dem&nbsp;Jahr 2014&nbsp; Ihr Partner zur harmonischen Gestaltung des Familienlebens mit dem&nbsp;Arbeitsleben sind!&nbsp; Weil wir der&nbsp;erste Kindergarten in&nbsp;Pilsen sind, der&nbsp;sich darauf spezialisiert, Vorschulkindern Deutsch beizubringen. Weil wir mit mehreren Grundschulen zusammenarbeiten (Franti\u0161ek K\u0159i\u017e\u00edk Grundschule und&nbsp;Gymnasium,&nbsp;Insp\u00edria Grundschule in&nbsp;Z\u00e1lu\u017e\u00ed), wo wir den&nbsp;Anschluss zu&nbsp;Deutsch \u00fcber unsere Sprachkurse f\u00fcr Kinder im&nbsp;schulpflichtigen Alter bereitstellen. \u201cWie viele Sprachen du&hellip;","coauthors":[],"author_meta":{"author_link":"https:\/\/www.junikorn.cz\/domains\/junikorn.cz\/author\/kuldaoo\/","display_name":"kuldaoo"},"relative_dates":{"created":"Posted 6 roky ago","modified":"Updated 6 roky ago"},"absolute_dates":{"created":"Posted on 24. 4. 2020","modified":"Updated on 24. 4. 2020"},"absolute_dates_time":{"created":"Posted on 24. 4. 2020 21:46","modified":"Updated on 24. 4. 2020 21:46"},"featured_img_caption":"","featured_img":false,"series_order":"","_links":{"self":[{"href":"https:\/\/www.junikorn.cz\/domains\/junikorn.cz\/wp-json\/wp\/v2\/pages\/1231","targetHints":{"allow":["GET"]}}],"collection":[{"href":"https:\/\/www.junikorn.cz\/domains\/junikorn.cz\/wp-json\/wp\/v2\/pages"}],"about":[{"href":"https:\/\/www.junikorn.cz\/domains\/junikorn.cz\/wp-json\/wp\/v2\/types\/page"}],"author":[{"embeddable":true,"href":"https:\/\/www.junikorn.cz\/domains\/junikorn.cz\/wp-json\/wp\/v2\/users\/1"}],"replies":[{"embeddable":true,"href":"https:\/\/www.junikorn.cz\/domains\/junikorn.cz\/wp-json\/wp\/v2\/comments?post=1231"}],"version-history":[{"count":1,"href":"https:\/\/www.junikorn.cz\/domains\/junikorn.cz\/wp-json\/wp\/v2\/pages\/1231\/revisions"}],"predecessor-version":[{"id":1232,"href":"https:\/\/www.junikorn.cz\/domains\/junikorn.cz\/wp-json\/wp\/v2\/pages\/1231\/revisions\/1232"}],"up":[{"embeddable":true,"href":"https:\/\/www.junikorn.cz\/domains\/junikorn.cz\/wp-json\/wp\/v2\/pages\/1147"}],"wp:attachment":[{"href":"https:\/\/www.junikorn.cz\/domains\/junikorn.cz\/wp-json\/wp\/v2\/media?parent=1231"}],"curies":[{"name":"wp","href":"https:\/\/api.w.org\/{rel}","templated":true}]}}