{"id":23,"date":"2020-01-06T17:38:37","date_gmt":"2020-01-06T16:38:37","guid":{"rendered":"http:\/\/junikorn.lkwebs.cz\/?page_id=23"},"modified":"2025-07-07T21:45:52","modified_gmt":"2025-07-07T19:45:52","slug":"kontakt-2","status":"publish","type":"page","link":"https:\/\/www.junikorn.cz\/domains\/junikorn.cz\/kontakt-2\/","title":{"rendered":"Kontakt"},"content":{"rendered":"\n<div class=\"wp-block-columns is-layout-flex wp-container-core-columns-is-layout-9d6595d7 wp-block-columns-is-layout-flex\">\n<div class=\"wp-block-column is-layout-flow wp-block-column-is-layout-flow\">\n<h2 class=\"wp-block-heading\"> Junikorn z. s. <\/h2>\n\n\n\n<p>Jsme 1. \u010desko-n\u011bmeck\u00e1 \u0161kolka v&nbsp;Plzni pro&nbsp;d\u011bti od 2.5 \u2013 6&nbsp;let, kde o&nbsp;Va\u0161e d\u011bti kvalitn\u011b pe\u010duj\u00ed \u010de\u0161t\u00ed a&nbsp;n\u011bme\u010dt\u00ed rodil\u00ed mluv\u010d\u00ed. Ji\u017e od roku 2014 jsme Va\u0161\u00edm pomocn\u00edkem pro&nbsp;slad\u011bn\u00ed rodinn\u00e9ho a&nbsp;pracovn\u00edho \u017eivota. Na\u0161im&nbsp;z\u00e1m\u011brem jsou spokojen\u00e9 d\u011bti, rodi\u010de a&nbsp;t\u00fdm. Tvo\u0159\u00edme komunitu, kter\u00e1 spole\u010dn\u011b vychov\u00e1v\u00e1 d\u011bti s&nbsp;l\u00e1skou a&nbsp;respektem. Klademe d\u016fraz na&nbsp;ekologii a&nbsp;zdrav\u00e9 stravov\u00e1n\u00ed.<\/p>\n\n\n\n<h3 class=\"wp-block-heading\">Napi\u0161te n\u00e1m<\/h3>\n\n\n\n\n<div class=\"wpcf7 no-js\" id=\"wpcf7-f220-o1\" lang=\"cs-CZ\" dir=\"ltr\" data-wpcf7-id=\"220\">\n<div class=\"screen-reader-response\"><p role=\"status\" aria-live=\"polite\" aria-atomic=\"true\"><\/p> <ul><\/ul><\/div>\n<form action=\"\/domains\/junikorn.cz\/wp-json\/wp\/v2\/pages\/23#wpcf7-f220-o1\" method=\"post\" class=\"wpcf7-form init\" aria-label=\"Kontaktn\u00ed formul\u00e1\u0159\" novalidate=\"novalidate\" data-status=\"init\">\n<fieldset class=\"hidden-fields-container\"><input type=\"hidden\" name=\"_wpcf7\" value=\"220\" \/><input type=\"hidden\" name=\"_wpcf7_version\" value=\"6.1.5\" \/><input type=\"hidden\" name=\"_wpcf7_locale\" value=\"cs_CZ\" \/><input type=\"hidden\" name=\"_wpcf7_unit_tag\" value=\"wpcf7-f220-o1\" \/><input type=\"hidden\" name=\"_wpcf7_container_post\" value=\"0\" \/><input type=\"hidden\" name=\"_wpcf7_posted_data_hash\" value=\"\" \/><input type=\"hidden\" name=\"_wpcf7_recaptcha_response\" value=\"\" \/>\n<\/fieldset>\n<p><label><span class=\"wpcf7-form-control-wrap\" data-name=\"your-name\"><input size=\"40\" maxlength=\"400\" class=\"wpcf7-form-control wpcf7-text wpcf7-validates-as-required\" aria-required=\"true\" aria-invalid=\"false\" placeholder=\"Va\u0161e jm\u00e9no (po\u017eadov\u00e1no) \/ Ihr Name (erforderlich)\" value=\"\" type=\"text\" name=\"your-name\" \/><\/span> <\/label>\n<\/p>\n<p><label><span class=\"wpcf7-form-control-wrap\" data-name=\"your-email\"><input size=\"40\" maxlength=\"400\" class=\"wpcf7-form-control wpcf7-email wpcf7-validates-as-required wpcf7-text wpcf7-validates-as-email\" aria-required=\"true\" aria-invalid=\"false\" placeholder=\"E-mail (po\u017eadov\u00e1no) \/ E-Mail (erforderlich)\" value=\"\" type=\"email\" name=\"your-email\" \/><\/span> <\/label>\n<\/p>\n<p><label><span class=\"wpcf7-form-control-wrap\" data-name=\"your-message\"><textarea cols=\"40\" rows=\"10\" maxlength=\"2000\" class=\"wpcf7-form-control wpcf7-textarea\" aria-invalid=\"false\" placeholder=\"Va\u0161e zpr\u00e1va (po\u017eadov\u00e1no) \/ Ihre Nachricht (erforderlich)\" name=\"your-message\"><\/textarea><\/span> <\/label>\n<\/p>\n<p><input class=\"wpcf7-form-control wpcf7-submit has-spinner\" type=\"submit\" value=\"Odeslat \/ senden\" \/>\n<\/p><div class=\"wpcf7-response-output\" aria-hidden=\"true\"><\/div>\n<\/form>\n<\/div>\n\n<\/div>\n\n\n\n<div class=\"wp-block-column is-layout-flow wp-block-column-is-layout-flow\">\n<iframe loading=\"lazy\" src=\"https:\/\/www.google.com\/maps\/embed?pb=!1m18!1m12!1m3!1d2577.146580841259!2d13.361660215926236!3d49.764499644432014!2m3!1f0!2f0!3f0!3m2!1i1024!2i768!4f13.1!3m3!1m2!1s0x470af1e5af0636ab%3A0x298da20602c9e503!2sJunikorn!5e0!3m2!1sen!2scz!4v1578335757859!5m2!1sen!2scz\" allowfullscreen=\"\" width=\"100%\" height=\"400\" frameborder=\"0\"><\/iframe>\n\n\n\n<p><strong>Adresa:<\/strong>&nbsp;Ulice Bo\u017eeny N\u011bmcov\u00e9 3, 323 00 Plze\u0148 1<br><strong>E-mail:<\/strong>&nbsp;info@junikorn.cz<br><strong>I\u010cO:<\/strong>&nbsp;024 88&nbsp;311 <\/p>\n\n\n\n<div class=\"wp-block-columns is-layout-flex wp-container-core-columns-is-layout-9d6595d7 wp-block-columns-is-layout-flex\">\n<div class=\"wp-block-column is-layout-flow wp-block-column-is-layout-flow\">\n<h3 class=\"wp-block-heading\">\u0158editelka \u0161kolky<\/h3>\n\n\n\n<p><strong>Ing. <strong>Jana Kone\u010dn\u00e1<\/strong><br><\/strong>+420 737 655 865<\/p>\n<\/div>\n\n\n\n<div class=\"wp-block-column is-layout-flow wp-block-column-is-layout-flow\">\n<h3 class=\"wp-block-heading has-text-align-left\">Z\u00e1stupkyn\u011b \u0159editelky<\/h3>\n\n\n\n<p><strong>Ing. Dagmar \u0160ourkov\u00e1 <\/strong><br>+420 724 353 143<\/p>\n<\/div>\n<\/div>\n<\/div>\n<\/div>\n\n\n\n<hr class=\"wp-block-separator has-text-color has-vivid-cyan-blue-color has-css-opacity has-vivid-cyan-blue-background-color has-background\"\/>\n\n\n\n<h3 class=\"wp-block-heading\">Jak se k n\u00e1m dostanete?<\/h3>\n\n\n\n<div class=\"wp-block-columns is-layout-flex wp-container-core-columns-is-layout-9d6595d7 wp-block-columns-is-layout-flex\">\n<div class=\"wp-block-column is-layout-flow wp-block-column-is-layout-flow\"><div class=\"wp-block-image\">\n<figure class=\"aligncenter size-full\"><img loading=\"lazy\" decoding=\"async\" width=\"128\" height=\"128\" src=\"https:\/\/www.junikorn.cz\/wp-content\/uploads\/2025\/07\/electric-bus.png\" alt=\"\" class=\"wp-image-4650\"\/><figcaption class=\"wp-element-caption\">Pojedu MHD<\/figcaption><\/figure>\n<\/div>\n\n\n<p>Pokud pojedete z&nbsp;centra m\u011bsta, je\u010fte tramvaj\u00ed \u010d. 4&nbsp;sm\u011br Ko\u0161utka a&nbsp;vystupte na&nbsp;zast\u00e1vce Bo\u017eeny N\u011bmcov\u00e9. Na\u0161e vila se nach\u00e1z\u00ed pouh\u00fdch 50 metr\u016f od zast\u00e1vky MHD, po Va\u0161\u00ed lev\u00e9 stran\u011b je to prvn\u00ed \u017elut\u00e1 vila se zahradou. \u010casov\u011b se jedn\u00e1 o&nbsp;8 minut cesty z&nbsp;centra Plzn\u011b. <\/p>\n<\/div>\n\n\n\n<div class=\"wp-block-column is-layout-flow wp-block-column-is-layout-flow\"><div class=\"wp-block-image\">\n<figure class=\"aligncenter size-full\"><img loading=\"lazy\" decoding=\"async\" width=\"128\" height=\"128\" src=\"https:\/\/www.junikorn.cz\/wp-content\/uploads\/2025\/07\/car-e1579446255458.png\" alt=\"\" class=\"wp-image-4652\"\/><figcaption class=\"wp-element-caption\">Pojedu autem<\/figcaption><\/figure>\n<\/div>\n\n\n<p> Pokud pojedete autem z&nbsp;centra, je\u010fte sm\u011br Ko\u0161utka, Karlovarskou ulic\u00ed. Na&nbsp;k\u0159i\u017eovatce s&nbsp;ulic\u00ed Na&nbsp;Chmelnic\u00edch odbo\u010dte doleva a&nbsp;ihned doprava na&nbsp;Kot\u00edkovskou ulici. Op\u011bt prvn\u00ed odbo\u010dka doprava V\u00e1s dovede k ul. Bo\u017eeny N\u011bmcov\u00e9. Na\u0161e vila je &nbsp;posledn\u00ed \u017elut\u00e1 budova se zahradou po Va\u0161\u00ed lev\u00e9 stran\u011b. Parkovat m\u016f\u017eete v&nbsp;Chot\u00edkovsk\u00e9 ulici &nbsp;\u2013 &nbsp;na 30 metr\u016f vzd\u00e1len\u00e9m parkovi\u0161ti od vily sm\u011brem na&nbsp;nemocnici&nbsp;Privamed. <\/p>\n<\/div>\n<\/div>\n\n\n\n<p>POZOR p\u0159i p\u0159\u00edchodu! Na&nbsp;br\u00e1n\u011b se nach\u00e1z\u00ed d\u011btsk\u00e1 pojistka!&nbsp;<\/p>\n","protected":false},"excerpt":{"rendered":"<p>Junikorn z. s. Jsme 1. \u010desko-n\u011bmeck\u00e1 \u0161kolka v&nbsp;Plzni pro&nbsp;d\u011bti od 2.5 \u2013 6&nbsp;let, kde o&nbsp;Va\u0161e d\u011bti kvalitn\u011b pe\u010duj\u00ed \u010de\u0161t\u00ed a&nbsp;n\u011bme\u010dt\u00ed rodil\u00ed mluv\u010d\u00ed. Ji\u017e od roku 2014 jsme Va\u0161\u00edm pomocn\u00edkem pro&nbsp;slad\u011bn\u00ed rodinn\u00e9ho a&nbsp;pracovn\u00edho \u017eivota. Na\u0161im&nbsp;z\u00e1m\u011brem jsou spokojen\u00e9 d\u011bti, rodi\u010de a&nbsp;t\u00fdm. Tvo\u0159\u00edme komunitu, kter\u00e1 spole\u010dn\u011b vychov\u00e1v\u00e1 d\u011bti s&nbsp;l\u00e1skou a&nbsp;respektem. Klademe d\u016fraz na&nbsp;ekologii a&nbsp;zdrav\u00e9 stravov\u00e1n\u00ed. Napi\u0161te n\u00e1m Adresa:&nbsp;Ulice [&hellip;]<\/p>\n","protected":false},"author":1,"featured_media":0,"parent":0,"menu_order":0,"comment_status":"closed","ping_status":"closed","template":"","meta":{"_uag_custom_page_level_css":"","advgb_blocks_editor_width":"","advgb_blocks_columns_visual_guide":"","ngg_post_thumbnail":0,"footnotes":""},"class_list":["post-23","page","type-page","status-publish","hentry"],"aioseo_notices":[],"uagb_featured_image_src":{"full":false,"thumbnail":false,"medium":false,"medium_large":false,"large":false,"1536x1536":false,"2048x2048":false,"psacp-medium":false},"uagb_author_info":{"display_name":"kuldaoo","author_link":"https:\/\/www.junikorn.cz\/domains\/junikorn.cz\/author\/kuldaoo\/"},"uagb_comment_info":0,"uagb_excerpt":"Junikorn z. s. Jsme 1. \u010desko-n\u011bmeck\u00e1 \u0161kolka v&nbsp;Plzni pro&nbsp;d\u011bti od 2.5 \u2013 6&nbsp;let, kde o&nbsp;Va\u0161e d\u011bti kvalitn\u011b pe\u010duj\u00ed \u010de\u0161t\u00ed a&nbsp;n\u011bme\u010dt\u00ed rodil\u00ed mluv\u010d\u00ed. Ji\u017e od roku 2014 jsme Va\u0161\u00edm pomocn\u00edkem pro&nbsp;slad\u011bn\u00ed rodinn\u00e9ho a&nbsp;pracovn\u00edho \u017eivota. Na\u0161im&nbsp;z\u00e1m\u011brem jsou spokojen\u00e9 d\u011bti, rodi\u010de a&nbsp;t\u00fdm. Tvo\u0159\u00edme komunitu, kter\u00e1 spole\u010dn\u011b vychov\u00e1v\u00e1 d\u011bti s&nbsp;l\u00e1skou a&nbsp;respektem. Klademe d\u016fraz na&nbsp;ekologii a&nbsp;zdrav\u00e9 stravov\u00e1n\u00ed. Napi\u0161te n\u00e1m Adresa:&nbsp;Ulice&hellip;","coauthors":[],"author_meta":{"author_link":"https:\/\/www.junikorn.cz\/domains\/junikorn.cz\/author\/kuldaoo\/","display_name":"kuldaoo"},"relative_dates":{"created":"Posted 6 roky ago","modified":"Updated 10 m\u011bs\u00edc\u016f ago"},"absolute_dates":{"created":"Posted on 6. 1. 2020","modified":"Updated on 7. 7. 2025"},"absolute_dates_time":{"created":"Posted on 6. 1. 2020 17:38","modified":"Updated on 7. 7. 2025 21:45"},"featured_img_caption":"","featured_img":false,"series_order":"","_links":{"self":[{"href":"https:\/\/www.junikorn.cz\/domains\/junikorn.cz\/wp-json\/wp\/v2\/pages\/23","targetHints":{"allow":["GET"]}}],"collection":[{"href":"https:\/\/www.junikorn.cz\/domains\/junikorn.cz\/wp-json\/wp\/v2\/pages"}],"about":[{"href":"https:\/\/www.junikorn.cz\/domains\/junikorn.cz\/wp-json\/wp\/v2\/types\/page"}],"author":[{"embeddable":true,"href":"https:\/\/www.junikorn.cz\/domains\/junikorn.cz\/wp-json\/wp\/v2\/users\/1"}],"replies":[{"embeddable":true,"href":"https:\/\/www.junikorn.cz\/domains\/junikorn.cz\/wp-json\/wp\/v2\/comments?post=23"}],"version-history":[{"count":48,"href":"https:\/\/www.junikorn.cz\/domains\/junikorn.cz\/wp-json\/wp\/v2\/pages\/23\/revisions"}],"predecessor-version":[{"id":4653,"href":"https:\/\/www.junikorn.cz\/domains\/junikorn.cz\/wp-json\/wp\/v2\/pages\/23\/revisions\/4653"}],"wp:attachment":[{"href":"https:\/\/www.junikorn.cz\/domains\/junikorn.cz\/wp-json\/wp\/v2\/media?parent=23"}],"curies":[{"name":"wp","href":"https:\/\/api.w.org\/{rel}","templated":true}]}}