{"id":26,"date":"2020-01-06T17:39:38","date_gmt":"2020-01-06T16:39:38","guid":{"rendered":"http:\/\/junikorn.lkwebs.cz\/?page_id=26"},"modified":"2021-01-28T10:26:06","modified_gmt":"2021-01-28T09:26:06","slug":"nase-vize","status":"publish","type":"page","link":"https:\/\/www.junikorn.cz\/domains\/junikorn.cz\/o-nas\/nase-vize\/","title":{"rendered":"Vize"},"content":{"rendered":"\n<h3 class=\"wp-block-heading\">V\u011b\u0159\u00edme v:\u00a0<\/h3>\n\n\n\n<ul class=\"wp-block-list\"><li>p\u0159\u00e1telskou spolupr\u00e1ci mezi \u0161kolkou a&nbsp;rodinami ve prosp\u011bch t\u011bch nejmen\u0161\u00edch,<\/li><li>p\u0159idanou hodnotu kvalitn\u00edho p\u0159ed\u0161koln\u00edho vzd\u011bl\u00e1v\u00e1n\u00ed,<\/li><li>otev\u0159enou, sebev\u011bdomou a&nbsp;uv\u011bdom\u011blou spole\u010dnost,<\/li><li>v&nbsp;ciz\u00ed jazyky, kter\u00e9 roz\u0161i\u0159uj\u00ed obzory na\u0161ich sv\u011bt\u016f a&nbsp;otev\u00edraj\u00ed nov\u00e9 dve\u0159e,<\/li><li>kvalitn\u00ed person\u00e1l, pro&nbsp;kter\u00fd je pr\u00e1ce s&nbsp;d\u011btmi posl\u00e1n\u00edm,<\/li><li>s\u00edlu vzd\u011bl\u00e1v\u00e1n\u00ed v\u0161ech z\u00fa\u010dastn\u011bn\u00fdch.<\/li><\/ul>\n\n\n\n<h3 class=\"wp-block-heading\">Vid\u00edme:<\/h3>\n\n\n\n<ul class=\"wp-block-list\"><li>\u0161\u0165astn\u00e9 d\u011bti, kter\u00e9 znaj\u00ed sv\u00e9 pot\u0159eby, radostn\u011b si tvo\u0159\u00ed sv\u016fj \u017eivot,<\/li><li>zodpov\u011bdn\u00e9 a&nbsp;ohledupln\u00e9 d\u011bti, kter\u00e9 jsou citliv\u00e9 a&nbsp;empatick\u00e9 ke&nbsp;sv\u00e9mu okol\u00ed,<\/li><li>zdrav\u00e9 d\u011bti, jejich\u017e n\u00e1vyky posiluj\u00ed fyzickou i&nbsp;psychickou odolnost,\u00a0<\/li><li>odv\u00e1\u017en\u00e9 d\u011bti, kter\u00e9 v\u0161e ciz\u00ed pova\u017euj\u00ed za zaj\u00edmav\u00e9 a&nbsp;hodn\u00e9 objeven\u00ed,<\/li><li>\u00fasp\u011b\u0161n\u00e9 d\u011bti, kter\u00e9 znaj\u00ed sv\u00e9 siln\u00e9 i&nbsp;slab\u00e9 str\u00e1nky.<\/li><\/ul>\n\n\n\n<h3 class=\"wp-block-heading\">Podporujeme:&nbsp;<\/h3>\n\n\n\n<ul class=\"wp-block-list\"><li>spokojen\u00fd rodinn\u00fd \u017eivot,\u00a0<\/li><li>p\u0159\u00e1telsk\u00e9 \u010desko-n\u011bmeck\u00e9 vztahy,<\/li><li>dvojjazy\u010dn\u00e9 vzd\u011bl\u00e1v\u00e1n\u00ed i&nbsp;na&nbsp;vy\u0161\u0161\u00edch stupn\u00edch \u0161kol,<\/li><li>vzd\u011bl\u00e1v\u00e1n\u00ed a&nbsp;rozvoj na\u0161ich zam\u011bstnanc\u016f (pedagogika Franze Ketta, Nen\u00e1siln\u00e1 komunikace, Montessori pedagogika, Waldorfsk\u00e1 pedagogika, p\u0159\u00edstup a&nbsp;best practise v&nbsp;n\u011bmeck\u00fdch \u0161kolk\u00e1ch, aj.).<\/li><\/ul>\n\n\n\n<p class=\"has-text-align-center\">Jsme \u201cv\u00edce ne\u017e \u0161kolka\u201d!<br>Jsme Junikorn &#8211; kouzeln\u00fd jednoro\u017eec pro&nbsp;l\u00e1skypln\u00e9 d\u011btstv\u00ed <\/p>\n\n\n\n<figure class=\"wp-block-image size-large\"><img loading=\"lazy\" decoding=\"async\" width=\"800\" height=\"533\" src=\"https:\/\/www.junikorn.cz\/domains\/junikorn.cz\/domains\/junikorn.cz\/wp-content\/uploads\/2020\/03\/junikorn-vize.jpg\" alt=\"\u010cesko n\u011bmeck\u00e1 \u0161kolka Junikorn Plze\u0148\" class=\"wp-image-350\" srcset=\"https:\/\/www.junikorn.cz\/wp-content\/uploads\/2020\/03\/junikorn-vize.jpg 800w, https:\/\/www.junikorn.cz\/wp-content\/uploads\/2020\/03\/junikorn-vize-300x200.jpg 300w, https:\/\/www.junikorn.cz\/wp-content\/uploads\/2020\/03\/junikorn-vize-768x512.jpg 768w\" sizes=\"auto, (max-width: 800px) 100vw, 800px\" \/><\/figure>\n","protected":false},"excerpt":{"rendered":"<p>V\u011b\u0159\u00edme v:\u00a0 p\u0159\u00e1telskou spolupr\u00e1ci mezi \u0161kolkou a&nbsp;rodinami ve prosp\u011bch t\u011bch nejmen\u0161\u00edch, p\u0159idanou hodnotu kvalitn\u00edho p\u0159ed\u0161koln\u00edho vzd\u011bl\u00e1v\u00e1n\u00ed, otev\u0159enou, sebev\u011bdomou a&nbsp;uv\u011bdom\u011blou spole\u010dnost, v&nbsp;ciz\u00ed jazyky, kter\u00e9 roz\u0161i\u0159uj\u00ed obzory na\u0161ich sv\u011bt\u016f a&nbsp;otev\u00edraj\u00ed nov\u00e9 dve\u0159e, kvalitn\u00ed person\u00e1l, pro&nbsp;kter\u00fd je pr\u00e1ce s&nbsp;d\u011btmi posl\u00e1n\u00edm, s\u00edlu vzd\u011bl\u00e1v\u00e1n\u00ed v\u0161ech z\u00fa\u010dastn\u011bn\u00fdch. Vid\u00edme: \u0161\u0165astn\u00e9 d\u011bti, kter\u00e9 znaj\u00ed sv\u00e9 pot\u0159eby, radostn\u011b si tvo\u0159\u00ed sv\u016fj \u017eivot, zodpov\u011bdn\u00e9 a&nbsp;ohledupln\u00e9 [&hellip;]<\/p>\n","protected":false},"author":1,"featured_media":0,"parent":10,"menu_order":0,"comment_status":"closed","ping_status":"closed","template":"","meta":{"_uag_custom_page_level_css":"","advgb_blocks_editor_width":"","advgb_blocks_columns_visual_guide":"","ngg_post_thumbnail":0,"footnotes":""},"class_list":["post-26","page","type-page","status-publish","hentry"],"aioseo_notices":[],"uagb_featured_image_src":{"full":false,"thumbnail":false,"medium":false,"medium_large":false,"large":false,"1536x1536":false,"2048x2048":false,"psacp-medium":false},"uagb_author_info":{"display_name":"kuldaoo","author_link":"https:\/\/www.junikorn.cz\/domains\/junikorn.cz\/author\/kuldaoo\/"},"uagb_comment_info":0,"uagb_excerpt":"V\u011b\u0159\u00edme v:\u00a0 p\u0159\u00e1telskou spolupr\u00e1ci mezi \u0161kolkou a&nbsp;rodinami ve prosp\u011bch t\u011bch nejmen\u0161\u00edch, p\u0159idanou hodnotu kvalitn\u00edho p\u0159ed\u0161koln\u00edho vzd\u011bl\u00e1v\u00e1n\u00ed, otev\u0159enou, sebev\u011bdomou a&nbsp;uv\u011bdom\u011blou spole\u010dnost, v&nbsp;ciz\u00ed jazyky, kter\u00e9 roz\u0161i\u0159uj\u00ed obzory na\u0161ich sv\u011bt\u016f a&nbsp;otev\u00edraj\u00ed nov\u00e9 dve\u0159e, kvalitn\u00ed person\u00e1l, pro&nbsp;kter\u00fd je pr\u00e1ce s&nbsp;d\u011btmi posl\u00e1n\u00edm, s\u00edlu vzd\u011bl\u00e1v\u00e1n\u00ed v\u0161ech z\u00fa\u010dastn\u011bn\u00fdch. Vid\u00edme: \u0161\u0165astn\u00e9 d\u011bti, kter\u00e9 znaj\u00ed sv\u00e9 pot\u0159eby, radostn\u011b si tvo\u0159\u00ed sv\u016fj \u017eivot, zodpov\u011bdn\u00e9 a&nbsp;ohledupln\u00e9&hellip;","coauthors":[],"author_meta":{"author_link":"https:\/\/www.junikorn.cz\/domains\/junikorn.cz\/author\/kuldaoo\/","display_name":"kuldaoo"},"relative_dates":{"created":"Posted 6 roky ago","modified":"Updated 5 roky ago"},"absolute_dates":{"created":"Posted on 6. 1. 2020","modified":"Updated on 28. 1. 2021"},"absolute_dates_time":{"created":"Posted on 6. 1. 2020 17:39","modified":"Updated on 28. 1. 2021 10:26"},"featured_img_caption":"","featured_img":false,"series_order":"","_links":{"self":[{"href":"https:\/\/www.junikorn.cz\/domains\/junikorn.cz\/wp-json\/wp\/v2\/pages\/26","targetHints":{"allow":["GET"]}}],"collection":[{"href":"https:\/\/www.junikorn.cz\/domains\/junikorn.cz\/wp-json\/wp\/v2\/pages"}],"about":[{"href":"https:\/\/www.junikorn.cz\/domains\/junikorn.cz\/wp-json\/wp\/v2\/types\/page"}],"author":[{"embeddable":true,"href":"https:\/\/www.junikorn.cz\/domains\/junikorn.cz\/wp-json\/wp\/v2\/users\/1"}],"replies":[{"embeddable":true,"href":"https:\/\/www.junikorn.cz\/domains\/junikorn.cz\/wp-json\/wp\/v2\/comments?post=26"}],"version-history":[{"count":5,"href":"https:\/\/www.junikorn.cz\/domains\/junikorn.cz\/wp-json\/wp\/v2\/pages\/26\/revisions"}],"predecessor-version":[{"id":1864,"href":"https:\/\/www.junikorn.cz\/domains\/junikorn.cz\/wp-json\/wp\/v2\/pages\/26\/revisions\/1864"}],"up":[{"embeddable":true,"href":"https:\/\/www.junikorn.cz\/domains\/junikorn.cz\/wp-json\/wp\/v2\/pages\/10"}],"wp:attachment":[{"href":"https:\/\/www.junikorn.cz\/domains\/junikorn.cz\/wp-json\/wp\/v2\/media?parent=26"}],"curies":[{"name":"wp","href":"https:\/\/api.w.org\/{rel}","templated":true}]}}